. Calculate the greatest common factor of 3283 and r.
67
Let p = 3 - -11. Suppose -g = 4*k - 23, -373*g - k = -368*g - 172. Calculate the highest common factor of g and p.
7
Let h = 6 - -22. Suppose 12*v - 19*v + h = 0. Calculate the greatest common factor of v and 34.
2
Let v = -9574 - -10218. Calculate the greatest common divisor of v and 238.
14
Suppose 222 = 23*i - 100. Suppose 5*s = -n + 55 + 383, 0 = -n - 4*s + 440. Calculate the greatest common factor of n and i.
14
Let l = 41 + -38. Suppose l*u + 54 = 5*m + 164, -m = -u + 36. Calculate the greatest common divisor of 5 and u.
5
Let k = -842 + 895. Suppose -3*i + 2*i + 5*y = -k, 3*i - 129 = 5*y. Calculate the greatest common divisor of 95 and i.
19
Let r = -638 - -491. Let l = r - -155. Calculate the highest common divisor of 264 and l.
8
Suppose 27*y - 17640 = -113*y. Calculate the greatest common factor of y and 54.
18
Let t(f) = -f + 5. Let q be t(3). Suppose 5*p - 5*n - 10 = 0, -8 = -p + 3*n - q. Suppose -15*r + 20*r - 175 = p. What is the greatest common factor of r and 7?
7
Let l = 22 - -22. Suppose -2*s + 68 = 3*a - 50, 133*s = 140*s - 77. What is the highest common factor of a and l?
4
Let a(k) = -k + 1. Let g be a(-4). Suppose g*w = 113 - 13. Let i = 2303 - 2293. What is the greatest common factor of w and i?
10
Let i be (-4)/10 + (1971/15 - -1). Suppose 62*b = 61*b + i. What is the highest common divisor of b and 297?
33
Let l be (8 - -2)/(0 + 1). Suppose 4*c + 7 = b, 2*b - 10 = c - 3. Let j be (4 + -8 + 0)/c. Calculate the highest common factor of l and j.
2
Let v be 19/(-2)*20/(-10). Suppose 48*g - 100*g = -59*g + 1197. What is the highest common factor of g and v?
19
Let h = 1232 + -1163. What is the greatest common divisor of h and 667?
23
Let n(t) = 19*t - 2. Let l(a) = -132*a + 12. Let x(g) = 6*l(g) + 40*n(g). Let p be x(-37). Calculate the greatest common divisor of 24 and p.
24
Suppose t = i - 17, -2 = -2*t - 0. Suppose -1408*f + 1168*f = -12960. Calculate the greatest common factor of i and f.
18
Suppose -3*t + 3*i + 126 = -240, 4*i = t - 137. Let x be 45/(-72) - 14061/(-1032). What is the highest common factor of t and x?
13
Let y be (2 - 1)/((-3)/44*40/(-480)). What is the greatest common factor of y and 2000?
16
Suppose 2022 = 2*b + 4*l - 1586, 10 = -5*l. What is the greatest common factor of 368 and b?
16
Let g = -18869 + 18919. What is the greatest common divisor of 9320 and g?
10
Suppose 0 = 45*b + 65*b - 122980. What is the highest common divisor of b and 602?
86
Let u(x) = 2*x + 36. Let h be u(-16). Suppose -c - 170 = -4*j, h*j - 5*c = 3*j + 33. What is the highest common factor of 86 and j?
43
Let t be 9/12*(-260)/(-15). Let d(g) = 30*g - 42. Let i be d(5). Suppose -m - 2*a = a - 23, -4*a - i = -4*m. What is the highest common divisor of t and m?
13
Suppose -d = 2*d - 174. Suppose -22*m + 4468 = -26*m. Let y = -1030 - m. Calculate the highest common factor of d and y.
29
Let p(x) = -12*x**3 - 3*x**2 - 4*x - 2. Let k be p(-1). Suppose 0 = k*j - 332 - 2693. Calculate the highest common factor of j and 25.
25
Suppose 26900 = -21*u + 46*u. Suppose -u = -53*s + 726. Calculate the highest common factor of s and 6.
2
Let o be (-20)/8*8/(-10). Let j be 4 + -6 + (6 - -8 - 9). What is the highest common divisor of j and o?
1
Let x(u) = 2*u**2 + 94*u + 212. Let m be x(-47). What is the greatest common factor of 477 and m?
53
Let b = 745 + -724. What is the greatest common divisor of b and 414?
3
Let t be (-5)/(2 - 32) - 34/(-12). Let a be (-6)/t - (-4 - (69 - -1)). Calculate the greatest common factor of a and 12.
12
Let b be 8/(-3)*(-18 + 330/20). Let z be (-3)/(1 + (-20)/8). Calculate the greatest common divisor of b and z.
2
Let z be ((-301119)/(-35) + (-3)/(-5))*9/27. Calculate the highest common divisor of z and 12.
12
Suppose -21*u = -32*u - 594. Let m = u + 120. What is the highest common factor of m and 6?
6
Suppose 0 = 3*t - 4*p + 1039, 0 = -4*t + 2*p - 4*p - 1356. Let v = 343 + t. Calculate the highest common factor of v and 16.
2
Suppose 128*i - 11315 = 23373 - 11136. Calculate the greatest common divisor of 18032 and i.
184
Let q(w) = 9*w - 27. Let m be q(3). Suppose 4*d - 7 - 5 = m. What is the greatest common divisor of d and 1?
1
Let w(q) = -2*q**2 + 48*q - 81. Let r be w(16). Let l be 1*1/(4/56). What is the highest common factor of l and r?
7
Let d = 1863 + 3311. What is the highest common divisor of d and 26?
26
Let o be 79 - (-2 + 2 - -1). Let h = -12616 + 12733. What is the greatest common divisor of h and o?
39
Let k = -13 + 49. Let j = -565 + 570. Let x(l) = 2*l**2 + 9*l + 13. Let f be x(j). What is the highest common divisor of f and k?
36
Suppose -31*b + d = -28*b - 124, -5*b + 2*d + 206 = 0. Calculate the greatest common divisor of b and 34692.
42
Let t(l) = 39*l**2 - 4. Let o be t(2). Let j = -172 + 478. Let d be (-1)/4 + j/8. Calculate the greatest common divisor of d and o.
38
Let m = 6863 - 12863. Let v be m/(-208) + (-4)/(-26). Calculate the highest common factor of v and 203.
29
Let j be -2*(-4)/(-40)*-10. Suppose -5*a + 83 + 15 = 3*s, -j*s + 5*a = -32. What is the greatest common divisor of s and 143?
13
Let w be 38/(-18) - (-1)/9. Let s be ((-5)/((-10)/(-4)))/w. Let p be ((-15)/(-20))/(s/8). Calculate the highest common factor of 3 and p.
3
Suppose -2*x - 3 = -15. Suppose -3*i - x = -4*v, 0 = i - 5*v + 13. Let m be (-42)/(-9)*((-45)/(-7) - 3). What is the highest common divisor of i and m?
2
Suppose -2*j + k = -8, 5*j + 0 = -4*k - 6. Suppose -j*i = -2*r - 0*r + 122, -3*r = -5*i - 193. What is the highest common factor of 8 and r?
8
Suppose 0 = -5*k + 3*u - 33, 3*u + 2*u = 3*k + 7. Let r be (-133)/(-2) - (36/(-8))/k. What is the highest common factor of r and 22?
22
Let j(s) = -3*s - 12. Let f be j(-5). Suppose -4*g + 126 = 5*y - 2*g, g = f. Let w be (-46)/(-8) - (-9)/36. What is the greatest common factor of w and y?
6
Let a(x) = -x**3 - 8*x**2 - 7*x - 1. Let v be ((-112)/35)/(6/15). Let l be a(v). What is the highest common divisor of l and 110?
55
Let u = -48 - -52. Suppose i - 38 + 16 = -u*m, -5 = -m. Suppose -293 + 91 = -4*j + 2*q, -3*j + i*q + 154 = 0. Calculate the highest common divisor of 384 and j.
48
Let t(u) = -2*u**3 - 15*u**2 + 57*u - 6. Let r be t(-12). Calculate the greatest common factor of 1313 and r.
101
Let t = -275 - -277. Let d be ((-4)/t + 21)*(-80)/(-4). What is the highest common divisor of 38 and d?
38
Let g(m) = -m**3 + 61*m**2 + 140*m + 287. Let k be g(63). Calculate the highest common factor of k and 14.
7
Let v = 163 + 24. Suppose -3*y + 21 = -2*f - 54, 6*y + 3*f - 66 = 0. What is the greatest common divisor of y and v?
17
Let q = -7028 - -7540. What is the greatest common factor of q and 3104?
32
Let z(y) = 118*y - 1290. Let n be z(11). Calculate the highest common factor of 2648 and n.
8
Let n = 179 + -110. Let a(m) = m + 13. Let r be a(-7). Let t be (-23 + 0)*(5 - r). Calculate the greatest common factor of t and n.
23
Let u(s) = 13*s**2 + s + 16. Let a be u(6). Let g be (a/(-15) + (-1)/3)/(-1). Suppose 42*b = 49*b - 21. Calculate the highest common factor of b and g.
3
Suppose -5*l + 6173 = o + 2492, 2*o - 7389 = -l. Suppose 2*u = 8*u - o. Calculate the greatest common divisor of 56 and u.
56
Suppose 10 + 12 = -z. Let v = -59 - z. Let o = v + 45. Calculate the greatest common divisor of o and 4.
4
Let v = 1066 - 899. Let k = 181 - v. What is the highest common divisor of k and 98?
14
Let y(a) = -11*a - 11. Let m be y(-5). Let o = -20 + m. Let d(z) = -3*z - 61. Let n be d(-31). What is the highest common factor of o and n?
8
Suppose 0 = 5*v + 3*h - h - 122, 5*v = 5*h + 150. Suppose 9*g + v - 224 = 0. Let r = g + -19. What is the highest common divisor of r and 6?
3
Let k = 6072 - 6067. What is the highest common divisor of 19 and k?
1
Let r = -12 - -18. Let v be r/(-12) + (-79)/2. Let f = v + 48. Calculate the greatest common factor of f and 12.
4
Let t(h) = 2*h - 24. Let w be t(17). Suppose -5*q + 53 = 4*s - 597, -4*q - 5*s + 511 = 0. Let i = q + -44. What is the greatest common factor of w and i?
10
Let x(i) = -i + 13. Let t be x(7). Suppose -3 = -t*s + 99. Suppose -4*w + p + 559 = -4*p, 3*w - 4*p = 420. Calculate the greatest common factor of w and s.
17
Suppose -30 = 3*f - 0. Let t(n) be the first 